 Is x a composite number?
False
Let o(k) = 23*k**3 + 55*k**2 + 41*k + 50. Let r(u) = 8*u**3 + 18*u**2 + 14*u + 17. Let x(n) = -6*o(n) + 17*r(n). Is x(-24) composite?
True
Let v be (-2)/(-1 + -1)*(-44 - -20). Is 3*(-57752)/v*1 a composite number?
False
Let b(s) = 16*s**2 - 4*s - 7. Suppose -5*p = -4*q - 64, 2*p = -2*p + 2*q + 50. Suppose p*k = 9*k - 15. Is b(k) a prime number?
False
Suppose 0 = -2*p + 3*j - 4*j + 647243, 3*j - 1294483 = -4*p. Is p prime?
True
Let l(c) be the first derivative of 8*c**2 + 12*c - 2. Let j be l(5). Suppose g - j = 2*p, -2*g + 433 = 3*g - p. Is g a composite number?
True
Let o(f) = -42*f - 11. Let l be o(-3). Suppose k + l = -6*g + 2*g, 0 = 3*g - 6. Let r = k + 250. Is r prime?
True
Let k be (-2)/(-5) - 4739/35. Let z = 77 + k. Let g = 147 + z. Is g a composite number?
False
Let p(r) = r**3 + r**2 - r. Let u be p(-2). Let n be 52/(-130)*(5 + -35). Is u*(-3 + (-14298)/n) composite?
False
Let p(m) = -699*m**2 + 5675*m**2 + 4114*m**2 + 4*m + 0 + 5 + 0*m. Is p(-1) prime?
True
Suppose -3*z + 217456 = 5*n, -4*n + 190 = 194. Is z a composite number?
True
Suppose 14 + 6 = -5*x. Suppose -5*q + 27 = -4*q - 10*h, 3*q - 11 = -5*h. Is 11 - (x/(-1) - q) composite?
True
Let p = -747 + 3770. Suppose -7*q - 783 = -p. Suppose -c + 33 = r - 45, 2*c - q = -4*r. Is r prime?
False
Let t(g) = g**3 + g**2 - g - 7. Let r be t(0). Is (16531/r)/(-1) + 128/(-224) composite?
True
Suppose -4*t + 12 = -4*o, 3*t = -o - 0*o - 7. Let w be (((-1)/3)/t)/(5/60). Is ((-13)/w)/(2/(-712)) a prime number?
False
Suppose 9*a = -194 + 239. Suppose -a*x - 1010 = -z, 1515 + 430 = 2*z + 5*x. Is z composite?
True
Suppose -3*v = -5*u - 395, -33*u + 28*u + 515 = 4*v. Suppose -63265 = -2*z - s, -z + 127*s + 31630 = v*s. Is z prime?
False
Let z be (240/3 - 4)/(-1). Let m = z + 152. Suppose -2*r + m = 6. Is r a prime number?
False
Let q(b) = -3*b**3 - 2*b + 1. Let x be q(1). Is ((6394 - 6)/x)/(-1) composite?
False
Suppose -10*j + 80248 + 127452 = 0. Suppose 9477 + j = 7*y. Is y composite?
True
Suppose 262 = -9*r - 368. Let d = -125 - r. Let c = 68 - d. Is c prime?
False
Suppose -5*h - 5*h = -380. Let t = -34 + h. Suppose -t*a + 2*p + 628 = 0, p - 157 = -a - 2*p. Is a prime?
True
Let y be 4/((1 + 1)*-1). Is ((-1)/6*y)/(17/23613) prime?
True
Is 49264/40*65/26 a prime number?
True
Is ((-680)/(-16))/(-17) + (-17703)/(-14) prime?
False
Let s be ((-72)/12)/((-6)/4). Suppose -2 = -s*t - q, 0 = -4*t - t + 3*q - 6. Suppose -4*b = -t*b - 3372. Is b composite?
True
Let s(n) = 139*n + 161. Let u(v) = -v**3 + 15*v**2 - 23*v - 15. Let b be u(13). Is s(b) a composite number?
True
Suppose -572*s = -624*s + 2601196. Is s prime?
True
Suppose -30*g + 26*g = -118996. Let f = g - 19368. Is f a composite number?
True
Suppose -5*q = 13*q + 102420. Let r = q + 21183. Is r composite?
False
Suppose -26*a = -6*a. Suppose a = -5*l - n - 4644 + 26483, 16 = 4*n. Is l composite?
True
Let x = -64475 + 137508. Is x a composite number?
True
Let m = 61 + -59. Suppose n = -5*f - 9, m*f = 4*n - 12 + 4. Let r(h) = 292*h**2 + 1. Is r(n) a composite number?
False
Let p(d) = d. Let j(v) = -1364*v - 30. Let x(q) = -j(q) - 3*p(q). Is x(5) composite?
True
Suppose 7 = -3*w - 5, -v + 48 = -4*w. Let o = v - 32. Suppose -2*s + 1 = -5, o = -3*u - 3*s + 1758. Is u a prime number?
False
Suppose -14*t + 17*t - 18 = 0. Suppose -t*l = 3757 - 43579. Is l composite?
False
Is (31510/(-138))/(5/(-51)) prime?
False
Let p = -313 + 331. Let n(s) = s**3 - 16*s**2 - 14*s - 25. Is n(p) composite?
True
Let f be (-6)/(-15) + (-80)/(-50). Suppose -f*s = -21*s + 423643. Is s a prime number?
False
Suppose 0*b - 4*s = -2*b + 22, 2*s = 3*b - 13. Let r be (4/b - (-55)/(-5))*1. Is ((-14295)/(-21) - -2) + (-2)/r composite?
False
Let z(k) = -k**2 + 2. Let a be z(-2). Is (7/a)/(4/(-17032)) a prime number?
False
Let k = 99 - 89. Suppose 1943 = -9*o + k*o. Is o prime?
False
Is (-1)/19 - (-18676000)/133 a composite number?
True
Let f(g) = 66*g**2 - 9*g + 4. Let v = -123 + 129. Is f(v) a composite number?
True
Let v = -1816 + 3735. Let f = 2779 - v. Suppose -d = 3*d - f. Is d composite?
True
Let x(f) = 91673*f**2 - 576*f + 576. Is x(1) a composite number?
False
Suppose -r + 44086 = -2*q, -q = 6*r - r - 220430. Is (-24)/(-60) - r/(-10) composite?
False
Let m(g) = 2*g. Let w(n) = -122*n + 79. Let d(h) = 4*m(h) - w(h). Is d(12) a composite number?
False
Let z = -2583 + 5738. Is (6 + -4)*z/10 a composite number?
False
Suppose -3*b = -4*v + 1 - 0, 3*b + 3*v + 15 = 0. Suppose 8*l + 4 = -4*r + 4*l, -4*r - 5*l = 3. Is r*1 + b + 618 prime?
True
Let l be (24/21)/(6 - 280/49). Suppose -v - 3*x + 3618 - 997 = 0, 4*v = l*x + 10420. Is v a prime number?
True
Suppose -30207846 = -71*z - 101*z - 6*z. Is z a composite number?
True
Let z be 1/(2/22) + 3 + -3. Suppose 8*k = z*k + 2148. Let d = -159 - k. Is d a prime number?
True
Is (-6)/4*((-5)/((-150)/(-432790)) - -3) prime?
False
Suppose 42026230 = 43*t + 16138983. Is t composite?
False
Let a(k) = 976*k + 71. Let m(l) = 977*l + 72. Let j(q) = 2*a(q) - 3*m(q). Is j(-3) composite?
True
Let y(a) = 3*a - 6*a - 40 + 14*a. Let f be y(4). Is (1098/(-8) - -2)/((-1)/f) composite?
False
Suppose 3*u = 9, -d + 2379 + 6418 = 4*u. Suppose 3*x + 5*i = d, -i = -2*x + 6000 - 126. Is x composite?
True
Suppose 4*h = 5*i - 3037, 2*h - 599 = -3*i + 2*i. Suppose 15*r = 16510 + i. Is r a prime number?
False
Let s(w) = 55531*w**3 + 2*w**2 + 43*w - 187. Is s(3) prime?
False
Let s be (-1)/(1/(-14)) + -35 + 32. Let t(q) = -24*q - 5. Let p(x) = -x - 1. Let j(y) = -6*p(y) - t(y). Is j(s) composite?
True
Suppose -5*d - 3*u - 120946 = -663936, -d + 108596 = u. Is d prime?
False
Suppose -30 = -s + 8*l - 3*l, 66 = 4*s - 2*l. Let k be 680/s*(-21)/((-3)/3). Suppose 6*g - k - 1922 = 0. Is g a prime number?
True
Let o(i) = -i**3 - 10*i**2 - 2*i + 1. Let p be o(-10). Let h be 3/2*70/p. Suppose 3*v = -3*d + 5*v + 4013, h*d - 6703 = -4*v. Is d composite?
True
Let u(c) be the first derivative of 179*c**2 + 143*c - 46. Is u(12) composite?
True
Let w = -27 - -38. Suppose -2*i = w - 17. Suppose -i*a = -957 - 1080. Is a composite?
True
Let s = 368 + -382. Is 1879 + 15 - s/2 a composite number?
False
Let t(q) = -52589*q + 1932. Is t(-1) prime?
True
Is 6/(-7) + ((-4)/(-21))/((-76)/(-126611421)) composite?
False
Let x = 14 + -12. Suppose -5*h = -4*m - 3, -4*h + 9 = -x*m + h. Let d(y) = 99*y + 10. Is d(m) a prime number?
True
Let g = 2646 + -10469. Let i = g + 12508. Is i prime?
False
Let i(l) = l**3. Let j be i(-2). Let z(x) = -10*x**3 - x**2 + x + 13. Let w be z(j). Suppose 2*v = -o + 2014, 8*v - w = 3*v + 4*o. Is v composite?
False
Let p be (-17 - -13) + -1 + 1 + -671. Let o = p + 2570. Is o composite?
True
Let b(h) = -5*h - 21. Let d(w) = w**3 - 11*w**2 - 3*w + 22. Let r be d(11). Let t be b(r). Suppose 38*i = t*i + 348. Is i a composite number?
True
Let m = 5489 - 3400. Let d = 3150 - m. Is d a composite number?
False
Let r = 649420 + -394007. Is r a prime number?
True
Let w be (-4 + 3/2)*(1 + -3). Suppose -4*f + 3*o = -190 - 629, w*o - 377 = -2*f. Let j = f - 82. Is j composite?
True
Let i = 173 - 149. Suppose -i*h + 27*h - 429 = 0. Is h a prime number?
False
Let m = -9141 - -30518. Is m composite?
False
Suppose 0 = q - 2*u - 3, 3*u + 0*u = 0. Suppose -q*t = 9 + 15. Is (t/(-32))/(1/8612) prime?
True
Suppose -9*s + 22159 = 5*u - 10*s, -4*u + s + 17728 = 0. Let t = -1664 + u. Is t a prime number?
True
Let k = 16809 + -9850. Is k composite?
False
Let u be (-3951)/(-63) + (-6)/(-21). Let p be 18/u - (-102)/(-14). Is (-2)/p*1 + (-131733)/(-441) a prime number?
False
Suppose 3*s - 4*n = 352911, -124*s - 117644 = -125*s - n. Is s prime?
False
Let k(b) = -b**3 + 6*b**2 - 16. Let i be k(6). Is 2/i + 79052*30/320 a composite number?
False
Let m = 5422 + 3031. Is m composite?
True
Let w be 51/(-34)*(-1544)/3. Let o = -251 + w. Is o a prime number?
True
Suppose -3*s = -7*w + 11*w + 3, s - 4*w = 15. Suppose -s*y + 4*q + 7807 = 2*y, 6248 = 4*y - 2*q. Is y composite?
True
Let y(h) = -1118*h**3 - 2*h**2 - 6*h - 9. Let l = 104 - 106. Is y(l) a prime number?
False
Suppose b - 5*k + 5 = 0, -3 + 6 = -3*b + 3*k. Suppose 3*n - 5829 - 1314 = 0. Suppose -10*c + n + 4389 = b. Is c a composite number?
False
Suppose -244387 + 915888 = w. Is w prime?
True
Suppose 12*x - 6*x = -